) = -d(s) + 2*n(s). Suppose 985 = 545*r - 742*r. Determine f(r).
-1
Suppose 31*z + 249 = -15*z - 73. Let h(d) = d**2 + 2*d - 2. Give h(z).
33
Let c(f) = f**3 + 4*f**2 - 7*f + 31. Suppose -37*w - 29*w + 32*w = 204. Give c(w).
1
Let q be ((-6)/15)/(2/20). Let w(h) = h**2 - 6*h - 69. Let x(f) = -5*f**2 + 24*f + 308. Let j(l) = -9*w(l) - 2*x(l). Determine j(q).
-3
Let b(y) = 4*y**2 + 16*y + 5*y - 87*y - 28 + 6*y + 18*y. What is b(11)?
-6
Let j(x) = 23*x + 49. Let f be j(-2). Let z(h) = -h**3 + 3*h**2 - 2. Let u be z(2). Let y(d) = 8*d**u - 2*d**3 + 19 + d**f + 9*d - 9. Give y(9).
10
Let v(f) be the second derivative of -f**5/10 + f**4/12 + f**2/2 + 16*f + 6. Calculate v(-3).
64
Let m(o) be the third derivative of 3/2*o**3 - 9*o**2 + 0 + 0*o - 5/24*o**4. Suppose 5*v = 27 + 3. Give m(v).
-21
Let f = 152 + -148. Suppose p - 2*v - 7 = 0, 5*p - f*v = -11 + 40. Let g(s) = -s**3 + 3*s**2 + 8*s - 6. Determine g(p).
-16
Let i(c) = -c**2 + 13*c - 16. Suppose 3*z + 26 = 5*h, -5*h - 28 = -10*h + 4*z. Let l(t) = 3*t**2 - 38*t + 47. Let q(k) = h*l(k) + 11*i(k). Calculate q(8).
4
Let c(h) = 47*h - 1. Let j(f) = -82*f - 1. Let z(g) = 4*c(g) + 2*j(g). What is z(-3)?
-78
Suppose -22 = 2*r + 4*g, -3*r + 14*g = 17*g + 24. Let a(b) be the first derivative of -b + 2. Let i(l) = -l - 7. Let k(s) = -2*a(s) + i(s). Give k(r).
0
Let s(c) = -c**3 - c**2 + 1076. Let l be s(0). Let b(g) = l - 19*g - 1076. Let u(d) = -d**3 + 5*d**2 - 5*d + 5. Let t be u(4). What is b(t)?
-19
Suppose 2985*r = 2991*r + 126. Let q(x) = x**3 + 19*x**2 - 40*x + 50. Determine q(r).
8
Let d(z) = -14*z - 1. Let n = -186 + 207. Let f(s) = -s**2 + 22*s - 19. Let a be f(n). Give d(a).
-29
Let c(g) = 2*g - 12 - 2 + 7 - 11. What is c(15)?
12
Let s(t) = 80 - 11 + 9*t - 28. What is s(-7)?
-22
Let n(f) = -3*f**2 + 45*f - 45. Let b(h) = -h**2 + 68*h + 3606. Let j be b(103). Calculate n(j).
-3
Let a(j) = -13*j**3 + 1211*j**2 - 186*j - 6. Let h be a(93). Let i(l) = -l**2 - 9*l - 15. What is i(h)?
3
Let t(s) = 4*s - 76*s + 2*s - 633 - s**2 - 31*s + 21*s. Give t(-71).
6
Let p(i) = -2*i - 8. Let v be p(-6). Suppose -v*l + a + 4 = 3, -2*l + 4*a = -4. Suppose o + l*o = 4. Let z(y) = -y**3 + 5*y**2 - 4*y - 4. Determine z(o).
-4
Let b(n) be the third derivative of n**5/60 + n**4/2 + 5*n**3/3 - 3*n**2 + 150*n. Suppose m + 36 = -2*m. Calculate b(m).
10
Let a(o) = o + 3. Let y(c) = -11*c**2 - 4*c - 16. Let s be y(-3). Let g = s + 97. Give a(g).
-3
Let d(o) be the first derivative of o**2 - 1/3*o**3 - 3/4*o**4 + 88 + 0*o. Determine d(2).
-24
Let n(p) = 2 - 2*p - 3 + 2. Let x(w) = w**3 + 2*w**2 - 5*w - 15. Let a be x(-3). Let m be 34/4 + a - (-3)/2. Give n(m).
-1
Suppose -180 = -0*u + 30*u. Let o = 1 + 1. Let f(c) = o*c**2 + c**3 + 6*c - 4*c**2 + 9*c**2 - 8. Determine f(u).
-8
Let a(f) = -f**3 - 15*f**2 - 2*f - 24. Let h be a(-15). Let d be (348/(-145))/(1 - h/10). Let k(t) = -t**3 - 6*t**2 - 2*t + 4. Determine k(d).
16
Let p be (-2)/5 - 9522/(-230). Let h(r) = 4 + 75*r + r**3 - p*r - 4*r**2 - 38*r. Determine h(5).
9
Suppose -4*u + 12 = -10*u. Let r(t) be the first derivative of 2*t**3 + t**2/2 + 2*t + 14. What is r(u)?
24
Let c(l) = 41*l + 607. Let g(x) = 8*x + 117. Let m(j) = 2*c(j) - 11*g(j). Determine m(-12).
-1
Suppose 7*x = -4637 + 4553. Let z(k) = k**2 + 11*k - 3. Determine z(x).
9
Let q = -1497 + 2306. Let l(u) = 805*u**2 - 3*u + u - q*u**2. What is l(-2)?
-12
Let c(r) be the first derivative of r**3/3 - 3*r**2 - 25*r - 776. Calculate c(9).
2
Let y(g) = g + 1. Let t(w) = -7*w**2 - 9*w - 8. Let l(n) = t(n) + 6*y(n). Let v(p) = -6*p**2 - 2*p - 1. Let u(d) = 5*l(d) - 6*v(d). Give u(3).
-4
Let v be (774/1032)/(4/6*(-6)/(-16)). Let o(s) = 7*s - 47. Calculate o(v).
-26
Let f(h) = 4*h + 104. Let i(o) = -o**2 + 49*o - 417. Let y be i(10). Give f(y).
-4
Let a(s) = 14*s - 8. Let j(x) be the second derivative of -2*x**3/3 + 3*x**2/2 + 25*x. Let c(n) = 3*a(n) + 8*j(n). Determine c(1).
10
Let l = -8985 + 8989. Let j(d) = -d**2 + 3*d + 10. Determine j(l).
6
Let r(z) = z**3 - 6*z**2 - 27*z - 22. Let l be 3/((84/(-63))/(-4)). What is r(l)?
-22
Suppose 4*s - 12 = 3*p, 5*p - 2*p = 3*s - 9. Suppose s*m = 10 + 5. Let g(r) be the second derivative of -r**4/12 + r**3/3 + r**2/2 - 4840*r + 1. What is g(m)?
-14
Suppose -102 + 3360 = -181*g. Let o(y) = 2*y + 23. Calculate o(g).
-13
Let w(z) be the second derivative of z**5/20 - 4*z**4/3 + z**3/6 - 11*z**2/2 + 50*z + 12. Calculate w(16).
5
Suppose -s - 8 = 3*p, -133*s + 136*s - p = 6. Let f(g) = 17*g**2 + 8*g - 6. What is f(s)?
19
Let r(b) = -150*b + 116. Let w(a) = 109*a - 87. Let s(o) = -8*r(o) - 11*w(o). Give s(-34).
-5
Let h(q) = -7*q + 4. Let n(t) = -90*t + 90. Let u be n(1). What is h(u)?
4
Let n be ((-6)/(-5))/((-45)/(-120)) + (-72)/60. Let u(s) be the second derivative of -1/2*s**3 - 10*s + 0 + 1/20*s**5 + 1/3*s**4 + 3*s**n. Calculate u(-5).
-4
Let b(r) = 7*r**3 - 11*r + 4. Let t(f) = -3*f**3 + 5*f - 2. Let j(m) = 2*b(m) + 5*t(m). Let v(h) = -4*h + 12 - 9 - 12 - 12. Let z be v(-6). Give j(z).
-20
Suppose -2 = -3*q + 2*w + 1, q = -w - 4. Let k(g) = -1. Let f(z) = -1 - z**2 + 5 + 3*z - 2*z**2. Let n(d) = q*f(d) - 6*k(d). Calculate n(2).
8
Let h(f) = 8*f - 53. Let r(g) = -8*g**3 + 22*g**2 + 27*g + 7. Let n be r(-1). Determine h(n).
27
Let v be ((-12)/(-10))/((-4)/120*-9). Let z(r) = -r**2 - 1. Let w(o) = -3*o**2 + 5*o - 3. Let q(b) = -w(b) + 2*z(b). Give q(v).
-3
Let w(f) = 2*f**2 + 5*f - 7. Let t(c) = -5*c - 30. Let o(h) = 2*h + 1. Let z(b) = 5*o(b) + t(b). Let l be z(4). Give w(l).
18
Suppose 49594*b - 49628*b + 238 = 0. Let x(o) = -o**3 + 4*o**2 + 3*o + 13. Calculate x(b).
-113
Let d(y) = y**3 - 23*y**2 + 24*y - 39. Let i = 722 - 700. Let v be d(i). Let m(a) = -a**3 + 6*a**2 - 7*a + 3. Determine m(v).
-7
Suppose -50 = -3*s - 2*s. Suppose 4*h = -35 + 91. Suppose -h*g + 28 = -s*g. Let n(d) = -d**3 + 8*d**2 - 8*d + 2. Calculate n(g).
-5
Let u(h) be the first derivative of h**4/2 - 3*h**3 - 7*h**2 - 19*h + 1490. What is u(6)?
5
Let c be (-5 - 310/(-60)) + 10/12. Suppose -d - 2*d = -5*t - 16, 18 = 5*d - 4*t. Let f(z) = -5 + d*z - 6 + 15 - 6*z**2 - 5. Determine f(c).
-5
Suppose 2*i = 5*w - 428, 6*i - 2*i - w = -838. Let d = 207 + i. Let q(a) = 3*a + 1. What is q(d)?
-5
Suppose 0 = -3*s - 48. Let c = 15 + s. Let f(w) be the second derivative of -w**5/4 - 88*w. Give f(c).
5
Let t = -60 - -55. Let i be 23/t - (-9)/15. Let s be (-4)/((-8)/2)*3 - i. Let l(j) = -j**3 + 8*j**2 - 4*j - 5. Calculate l(s).
16
Let l(k) be the second derivative of -k - 1/2*k**3 + 1/2*k**2 + 0 + 1/12*k**4. Let z(t) = -2*t**2 + 292*t - 9303. Let g be z(47). What is l(g)?
1
Let b(i) = -5*i**3 + 16*i**2 + i + 11. Let x(o) = -2*o**3 + 4*o**2 - o + 2. Let p(s) = b(s) - 3*x(s). Calculate p(-4).
-11
Let j(f) = -2*f**3 + 28*f**2 + 32*f - 26. Let d(t) = 3*t**3 + 240*t**2 + 235*t - 143. Let w be d(-79). Calculate j(w).
4
Let q(m) = 397*m + 109*m**2 + 229*m - 627*m - 20*m**2. Determine q(-1).
90
Let r(f) be the second derivative of -13*f**3/6 + 7*f**2/2 + 64*f + 1. Let d(u) = 3*u + 1. Let p(w) = -4*d(w) - r(w). Calculate p(11).
0
Let o(i) be the third derivative of -i**5/60 - i**4/2 + 31*i**3/2 - 365*i**2 - 1. Give o(-18).
-15
Let g(d) = -d**3 + 17*d**2 + 40*d - 43. Let i(z) = -z**3 - 3*z**2 + 16*z + 7. Let u be i(-6). Let j be g(u). Let p(l) = 2*l**2 + 8*l + 5. Give p(j).
15
Let c(z) = -2*z - 6. Suppose s = -3*o - 38, -2*o = 21*s - 20*s + 27. Calculate c(o).
16
Let q(o) = -o - 2. Let s be (-45)/(-2)*8/6. Let c(l) = 5*l**3 - 377*l**2 + 152*l - 108. Let y be c(75). Suppose 23*t - s*t - y = 0. Give q(t).
4
Let w = 12 - 10. Let c(h) = 8*h - w*h - 2*h - 3*h. Let o = -49 - -47. What is c(o)?
-2
Let z(f) = -f**2 - 3*f + 134. Let s = 4124 + -4137. Determine z(s).
4
Let q be ((-207)/(-45) - 4)/((-2)/10). Let n(z) = -23*z - 70. Let g be n(q). Let j(t) = 10*t**2 - 2*t - 1. Calculate j(g).
11
Let p(j) be the second derivative of j**4/12 + 11*j**3/2 - 21*j**2 + 3220*j. Calculate p(-34).
-8
Let o = -301 + 303. Let v(n) = 43*n**o - n**3 - 85*n**2 + 8 + 36*n**2 + 2*n**3. Determine v(6).
8
Let h(p) be the third derivative of -30*p**2 + 1/2*p**3 + 1/12*p**5 + 0 + 0*p - 1/120*p**6 - 1/24*p**4. Let t be (1 - -1)*10/4. Determine h(t).
-2
Let j = -63 - -63. Let k(x) = j*x**3 - 6 - 4*x + 4*x**2 + 14 - x**3 - 9. What is k(3)?
-4
Let l(o) be the th